{"id":23,"date":"2020-05-15T15:40:48","date_gmt":"2020-05-15T13:40:48","guid":{"rendered":"https:\/\/266909-www.web.tornado-node.net\/trondheim\/praktisk-info\/priser-2020\/"},"modified":"2026-02-17T13:07:45","modified_gmt":"2026-02-17T12:07:45","slug":"priser","status":"publish","type":"page","link":"https:\/\/hoytlavt.no\/trondheim\/info\/priser\/","title":{"rendered":"Priser"},"content":{"rendered":"\n<p class=\"has-text-align-center\">Kj\u00f8p billetter p\u00e5 nett f\u00f8r du kommer, frem til ankomst. De som ikke skal klatre trenger ikke billett.<br><strong>NB: <\/strong>Pris er etter alder, voksen er det samme som fra 10 \u00e5r<br>Sommerpriser (i klammer) mellom 20. juni og 9. august.  <\/p>\n\n\n\n<p><\/p>\n","protected":false},"excerpt":{"rendered":"<p>Kj\u00f8p billetter p\u00e5 nett f\u00f8r du kommer, frem til ankomst. De som ikke skal klatre [&hellip;]<\/p>\n","protected":false},"author":1,"featured_media":24,"parent":17,"menu_order":0,"comment_status":"closed","ping_status":"closed","template":"page-price.php","meta":{"_acf_changed":false,"inline_featured_image":false,"footnotes":""},"class_list":["post-23","page","type-page","status-publish","has-post-thumbnail","hentry"],"acf":[],"yoast_head":"<!-- This site is optimized with the Yoast SEO Premium plugin v26.8 (Yoast SEO v27.4) - https:\/\/yoast.com\/product\/yoast-seo-premium-wordpress\/ -->\n<title>Priser - H\u00f8yt &amp; Lavt Trondheim<\/title>\n<meta name=\"description\" content=\"Finn oversikt over priser for aktiviteter i klatreparken. Vi anbefaler at du kj\u00f8per billetter p\u00e5 nett f\u00f8r du kommer. Det er ogs\u00e5 mulig \u00e5 kj\u00f8pe drop-in-billetter ved ankomst i parken, hvis det fortsatt er ledige billetter. Det er gratis inngang i klatreparken, kun de som skal klatre i l\u00f8ypene som m\u00e5 kj\u00f8pe inngang.\" \/>\n<meta name=\"robots\" content=\"index, follow, max-snippet:-1, max-image-preview:large, max-video-preview:-1\" \/>\n<link rel=\"canonical\" href=\"https:\/\/hoytlavt.no\/trondheim\/info\/priser\/\" \/>\n<meta property=\"og:locale\" content=\"nb_NO\" \/>\n<meta property=\"og:type\" content=\"article\" \/>\n<meta property=\"og:title\" content=\"Priser - H\u00f8yt &amp; Lavt Trondheim\" \/>\n<meta property=\"og:description\" content=\"Finn oversikt over priser for aktiviteter i klatreparken. Vi anbefaler at du kj\u00f8per billetter p\u00e5 nett f\u00f8r du kommer. Det er ogs\u00e5 mulig \u00e5 kj\u00f8pe drop-in-billetter ved ankomst i parken, hvis det fortsatt er ledige billetter. Priser\" \/>\n<meta property=\"og:url\" content=\"https:\/\/hoytlavt.no\/trondheim\/info\/priser\/\" \/>\n<meta property=\"og:site_name\" content=\"H\u00f8yt &amp; Lavt Trondheim\" \/>\n<meta property=\"article:modified_time\" content=\"2026-02-17T12:07:45+00:00\" \/>\n<meta property=\"og:image\" content=\"https:\/\/hoytlavt.no\/trondheim\/wp-content\/uploads\/sites\/12\/sites\/12\/brg-klatreparken-barn-IMG7700.jpg\" \/>\n\t<meta property=\"og:image:width\" content=\"1280\" \/>\n\t<meta property=\"og:image:height\" content=\"680\" \/>\n\t<meta property=\"og:image:type\" content=\"image\/jpeg\" \/>\n<meta name=\"twitter:card\" content=\"summary_large_image\" \/>\n<meta name=\"twitter:title\" content=\"Priser\" \/>\n<meta name=\"twitter:label1\" content=\"Ansl. lesetid\" \/>\n\t<meta name=\"twitter:data1\" content=\"2 minutter\" \/>\n<script type=\"application\/ld+json\" class=\"yoast-schema-graph\">{\"@context\":\"https:\\\/\\\/schema.org\",\"@graph\":[{\"@type\":\"WebPage\",\"@id\":\"https:\\\/\\\/hoytlavt.no\\\/trondheim\\\/info\\\/priser\\\/\",\"url\":\"https:\\\/\\\/hoytlavt.no\\\/trondheim\\\/info\\\/priser\\\/\",\"name\":\"Priser - H\u00f8yt & Lavt Trondheim\",\"isPartOf\":{\"@id\":\"https:\\\/\\\/hoytlavt.no\\\/trondheim\\\/#website\"},\"primaryImageOfPage\":{\"@id\":\"https:\\\/\\\/hoytlavt.no\\\/trondheim\\\/info\\\/priser\\\/#primaryimage\"},\"image\":{\"@id\":\"https:\\\/\\\/hoytlavt.no\\\/trondheim\\\/info\\\/priser\\\/#primaryimage\"},\"thumbnailUrl\":\"https:\\\/\\\/hoytlavt.no\\\/trondheim\\\/wp-content\\\/uploads\\\/sites\\\/12\\\/sites\\\/12\\\/brg-klatreparken-barn-IMG7700.jpg\",\"datePublished\":\"2020-05-15T13:40:48+00:00\",\"dateModified\":\"2026-02-17T12:07:45+00:00\",\"description\":\"Finn oversikt over priser for aktiviteter i klatreparken. Vi anbefaler at du kj\u00f8per billetter p\u00e5 nett f\u00f8r du kommer. Det er ogs\u00e5 mulig \u00e5 kj\u00f8pe drop-in-billetter ved ankomst i parken, hvis det fortsatt er ledige billetter. Det er gratis inngang i klatreparken, kun de som skal klatre i l\u00f8ypene som m\u00e5 kj\u00f8pe inngang.\",\"breadcrumb\":{\"@id\":\"https:\\\/\\\/hoytlavt.no\\\/trondheim\\\/info\\\/priser\\\/#breadcrumb\"},\"inLanguage\":\"nb-NO\",\"potentialAction\":[{\"@type\":\"ReadAction\",\"target\":[\"https:\\\/\\\/hoytlavt.no\\\/trondheim\\\/info\\\/priser\\\/\"]}]},{\"@type\":\"ImageObject\",\"inLanguage\":\"nb-NO\",\"@id\":\"https:\\\/\\\/hoytlavt.no\\\/trondheim\\\/info\\\/priser\\\/#primaryimage\",\"url\":\"https:\\\/\\\/hoytlavt.no\\\/trondheim\\\/wp-content\\\/uploads\\\/sites\\\/12\\\/sites\\\/12\\\/brg-klatreparken-barn-IMG7700.jpg\",\"contentUrl\":\"https:\\\/\\\/hoytlavt.no\\\/trondheim\\\/wp-content\\\/uploads\\\/sites\\\/12\\\/sites\\\/12\\\/brg-klatreparken-barn-IMG7700.jpg\",\"width\":1280,\"height\":680},{\"@type\":\"BreadcrumbList\",\"@id\":\"https:\\\/\\\/hoytlavt.no\\\/trondheim\\\/info\\\/priser\\\/#breadcrumb\",\"itemListElement\":[{\"@type\":\"ListItem\",\"position\":1,\"name\":\"Hjem\",\"item\":\"https:\\\/\\\/hoytlavt.no\\\/trondheim\\\/en\\\/\"},{\"@type\":\"ListItem\",\"position\":2,\"name\":\"Praktisk info\",\"item\":\"https:\\\/\\\/hoytlavt.no\\\/trondheim\\\/info\\\/\"},{\"@type\":\"ListItem\",\"position\":3,\"name\":\"Priser\"}]},{\"@type\":\"WebSite\",\"@id\":\"https:\\\/\\\/hoytlavt.no\\\/trondheim\\\/#website\",\"url\":\"https:\\\/\\\/hoytlavt.no\\\/trondheim\\\/\",\"name\":\"H\u00f8yt &amp; Lavt Trondheim\",\"description\":\"Norges nest st\u00f8rste klatrepark med hele 41 zipliner\",\"publisher\":{\"@id\":\"https:\\\/\\\/hoytlavt.no\\\/trondheim\\\/#organization\"},\"potentialAction\":[{\"@type\":\"SearchAction\",\"target\":{\"@type\":\"EntryPoint\",\"urlTemplate\":\"https:\\\/\\\/hoytlavt.no\\\/trondheim\\\/?s={search_term_string}\"},\"query-input\":{\"@type\":\"PropertyValueSpecification\",\"valueRequired\":true,\"valueName\":\"search_term_string\"}}],\"inLanguage\":\"nb-NO\"},{\"@type\":\"Organization\",\"@id\":\"https:\\\/\\\/hoytlavt.no\\\/trondheim\\\/#organization\",\"name\":\"H\u00f8yt &amp; Lavt Trondheim\",\"url\":\"https:\\\/\\\/hoytlavt.no\\\/trondheim\\\/\",\"logo\":{\"@type\":\"ImageObject\",\"inLanguage\":\"nb-NO\",\"@id\":\"https:\\\/\\\/hoytlavt.no\\\/trondheim\\\/#\\\/schema\\\/logo\\\/image\\\/\",\"url\":\"https:\\\/\\\/hoytlavt.no\\\/trondheim\\\/wp-content\\\/uploads\\\/sites\\\/12\\\/sites\\\/12\\\/Trondheim - Bilder\\\/hl-logo-trd-trondheim-neg.svg\",\"contentUrl\":\"https:\\\/\\\/hoytlavt.no\\\/trondheim\\\/wp-content\\\/uploads\\\/sites\\\/12\\\/sites\\\/12\\\/Trondheim - Bilder\\\/hl-logo-trd-trondheim-neg.svg\",\"width\":286,\"height\":96,\"caption\":\"H\u00f8yt &amp; Lavt Trondheim\"},\"image\":{\"@id\":\"https:\\\/\\\/hoytlavt.no\\\/trondheim\\\/#\\\/schema\\\/logo\\\/image\\\/\"}}]}<\/script>\n<!-- \/ Yoast SEO Premium plugin. -->","yoast_head_json":{"title":"Priser - H\u00f8yt & Lavt Trondheim","description":"Finn oversikt over priser for aktiviteter i klatreparken. Vi anbefaler at du kj\u00f8per billetter p\u00e5 nett f\u00f8r du kommer. Det er ogs\u00e5 mulig \u00e5 kj\u00f8pe drop-in-billetter ved ankomst i parken, hvis det fortsatt er ledige billetter. Det er gratis inngang i klatreparken, kun de som skal klatre i l\u00f8ypene som m\u00e5 kj\u00f8pe inngang.","robots":{"index":"index","follow":"follow","max-snippet":"max-snippet:-1","max-image-preview":"max-image-preview:large","max-video-preview":"max-video-preview:-1"},"canonical":"https:\/\/hoytlavt.no\/trondheim\/info\/priser\/","og_locale":"nb_NO","og_type":"article","og_title":"Priser - H\u00f8yt & Lavt Trondheim","og_description":"Finn oversikt over priser for aktiviteter i klatreparken. Vi anbefaler at du kj\u00f8per billetter p\u00e5 nett f\u00f8r du kommer. Det er ogs\u00e5 mulig \u00e5 kj\u00f8pe drop-in-billetter ved ankomst i parken, hvis det fortsatt er ledige billetter. Priser","og_url":"https:\/\/hoytlavt.no\/trondheim\/info\/priser\/","og_site_name":"H\u00f8yt &amp; Lavt Trondheim","article_modified_time":"2026-02-17T12:07:45+00:00","og_image":[{"width":1280,"height":680,"url":"https:\/\/hoytlavt.no\/trondheim\/wp-content\/uploads\/sites\/12\/sites\/12\/brg-klatreparken-barn-IMG7700.jpg","type":"image\/jpeg"}],"twitter_card":"summary_large_image","twitter_title":"Priser","twitter_misc":{"Ansl. lesetid":"2 minutter"},"schema":{"@context":"https:\/\/schema.org","@graph":[{"@type":"WebPage","@id":"https:\/\/hoytlavt.no\/trondheim\/info\/priser\/","url":"https:\/\/hoytlavt.no\/trondheim\/info\/priser\/","name":"Priser - H\u00f8yt & Lavt Trondheim","isPartOf":{"@id":"https:\/\/hoytlavt.no\/trondheim\/#website"},"primaryImageOfPage":{"@id":"https:\/\/hoytlavt.no\/trondheim\/info\/priser\/#primaryimage"},"image":{"@id":"https:\/\/hoytlavt.no\/trondheim\/info\/priser\/#primaryimage"},"thumbnailUrl":"https:\/\/hoytlavt.no\/trondheim\/wp-content\/uploads\/sites\/12\/sites\/12\/brg-klatreparken-barn-IMG7700.jpg","datePublished":"2020-05-15T13:40:48+00:00","dateModified":"2026-02-17T12:07:45+00:00","description":"Finn oversikt over priser for aktiviteter i klatreparken. Vi anbefaler at du kj\u00f8per billetter p\u00e5 nett f\u00f8r du kommer. Det er ogs\u00e5 mulig \u00e5 kj\u00f8pe drop-in-billetter ved ankomst i parken, hvis det fortsatt er ledige billetter. Det er gratis inngang i klatreparken, kun de som skal klatre i l\u00f8ypene som m\u00e5 kj\u00f8pe inngang.","breadcrumb":{"@id":"https:\/\/hoytlavt.no\/trondheim\/info\/priser\/#breadcrumb"},"inLanguage":"nb-NO","potentialAction":[{"@type":"ReadAction","target":["https:\/\/hoytlavt.no\/trondheim\/info\/priser\/"]}]},{"@type":"ImageObject","inLanguage":"nb-NO","@id":"https:\/\/hoytlavt.no\/trondheim\/info\/priser\/#primaryimage","url":"https:\/\/hoytlavt.no\/trondheim\/wp-content\/uploads\/sites\/12\/sites\/12\/brg-klatreparken-barn-IMG7700.jpg","contentUrl":"https:\/\/hoytlavt.no\/trondheim\/wp-content\/uploads\/sites\/12\/sites\/12\/brg-klatreparken-barn-IMG7700.jpg","width":1280,"height":680},{"@type":"BreadcrumbList","@id":"https:\/\/hoytlavt.no\/trondheim\/info\/priser\/#breadcrumb","itemListElement":[{"@type":"ListItem","position":1,"name":"Hjem","item":"https:\/\/hoytlavt.no\/trondheim\/en\/"},{"@type":"ListItem","position":2,"name":"Praktisk info","item":"https:\/\/hoytlavt.no\/trondheim\/info\/"},{"@type":"ListItem","position":3,"name":"Priser"}]},{"@type":"WebSite","@id":"https:\/\/hoytlavt.no\/trondheim\/#website","url":"https:\/\/hoytlavt.no\/trondheim\/","name":"H\u00f8yt &amp; Lavt Trondheim","description":"Norges nest st\u00f8rste klatrepark med hele 41 zipliner","publisher":{"@id":"https:\/\/hoytlavt.no\/trondheim\/#organization"},"potentialAction":[{"@type":"SearchAction","target":{"@type":"EntryPoint","urlTemplate":"https:\/\/hoytlavt.no\/trondheim\/?s={search_term_string}"},"query-input":{"@type":"PropertyValueSpecification","valueRequired":true,"valueName":"search_term_string"}}],"inLanguage":"nb-NO"},{"@type":"Organization","@id":"https:\/\/hoytlavt.no\/trondheim\/#organization","name":"H\u00f8yt &amp; Lavt Trondheim","url":"https:\/\/hoytlavt.no\/trondheim\/","logo":{"@type":"ImageObject","inLanguage":"nb-NO","@id":"https:\/\/hoytlavt.no\/trondheim\/#\/schema\/logo\/image\/","url":"https:\/\/hoytlavt.no\/trondheim\/wp-content\/uploads\/sites\/12\/sites\/12\/Trondheim - Bilder\/hl-logo-trd-trondheim-neg.svg","contentUrl":"https:\/\/hoytlavt.no\/trondheim\/wp-content\/uploads\/sites\/12\/sites\/12\/Trondheim - Bilder\/hl-logo-trd-trondheim-neg.svg","width":286,"height":96,"caption":"H\u00f8yt &amp; Lavt Trondheim"},"image":{"@id":"https:\/\/hoytlavt.no\/trondheim\/#\/schema\/logo\/image\/"}}]}},"_links":{"self":[{"href":"https:\/\/hoytlavt.no\/trondheim\/wp-json\/wp\/v2\/pages\/23","targetHints":{"allow":["GET"]}}],"collection":[{"href":"https:\/\/hoytlavt.no\/trondheim\/wp-json\/wp\/v2\/pages"}],"about":[{"href":"https:\/\/hoytlavt.no\/trondheim\/wp-json\/wp\/v2\/types\/page"}],"author":[{"embeddable":true,"href":"https:\/\/hoytlavt.no\/trondheim\/wp-json\/wp\/v2\/users\/1"}],"replies":[{"embeddable":true,"href":"https:\/\/hoytlavt.no\/trondheim\/wp-json\/wp\/v2\/comments?post=23"}],"version-history":[{"count":150,"href":"https:\/\/hoytlavt.no\/trondheim\/wp-json\/wp\/v2\/pages\/23\/revisions"}],"predecessor-version":[{"id":3211,"href":"https:\/\/hoytlavt.no\/trondheim\/wp-json\/wp\/v2\/pages\/23\/revisions\/3211"}],"up":[{"embeddable":true,"href":"https:\/\/hoytlavt.no\/trondheim\/wp-json\/wp\/v2\/pages\/17"}],"wp:featuredmedia":[{"embeddable":true,"href":"https:\/\/hoytlavt.no\/trondheim\/wp-json\/wp\/v2\/media\/24"}],"wp:attachment":[{"href":"https:\/\/hoytlavt.no\/trondheim\/wp-json\/wp\/v2\/media?parent=23"}],"curies":[{"name":"wp","href":"https:\/\/api.w.org\/{rel}","templated":true}]}}