{"id":757,"date":"2020-06-26T20:36:31","date_gmt":"2020-06-26T18:36:31","guid":{"rendered":"https:\/\/hoytlavt.no\/lillestrom\/?page_id=757"},"modified":"2025-04-02T09:16:12","modified_gmt":"2025-04-02T07:16:12","slug":"remember-to-order-online","status":"publish","type":"page","link":"https:\/\/hoytlavt.no\/lillestrom\/en\/","title":{"rendered":"Buy tickets, season passes and giftcards"},"content":{"rendered":"\n<center><bilberry-login-button><\/bilberry-login-button><\/center>\n\n\n\n<p><\/p>\n\n\n\n<div class=\"tickets\">\n    <ul class=\"nav nav-pills mb-3\" id=\"pills-tab\" role=\"tablist\">\n        <li class=\"nav-item\" role=\"presentation\">\n            <button class=\"nav-link active\" id=\"pills-1-tab\" data-toggle=\"pill\" data-target=\"#klatrebillett\" type=\"button\" role=\"tab\" aria-controls=\"pills-1\" aria-selected=\"true\">Tickets<\/button>\n        <\/li>\n\n        <li class=\"nav-item\" role=\"presentation\">\n            <a class=\"nav-link\" href=\"\/lillestrom\/billetter\/gruppebilletter\/\" >Group tickets<\/a>\n        <\/li>\n\n        <li class=\"nav-item\" role=\"presentation\">\n            <button class=\"nav-link\" id=\"pills-3-tab\" data-toggle=\"pill\" data-target=\"#sesongkort\" type=\"button\" role=\"tab\" aria-controls=\"pills-3\" aria-selected=\"false\">Seasonpass<\/button>\n        <\/li>\n\n        <li class=\"nav-item\" role=\"presentation\">\n            <button class=\"nav-link\" id=\"pills-4-tab\" data-toggle=\"pill\" data-target=\"#gavekort\" type=\"button\" role=\"tab\" aria-controls=\"pills-4\" aria-selected=\"false\">Giftcard<\/button>\n        <\/li>\n\n    <\/ul>\n\n    <div class=\"tab-content\" id=\"pills-tabContent\">\n        <div class=\"tab-pane fade show active\" id=\"klatrebillett\" role=\"tabpanel\" aria-labelledby=\"pills-1-tab\">\n            <bilberry-product-list-bookable product-collection-id=\"1\" \n                scroll=\"no\"\n                num-xs=\"1\"\n                num-sm=\"2\"\n                num-md=\"2\"\n                num-lg=\"2\"\n          ><\/bilberry-product-list-bookable>\n        <\/div>\n\n        <div class=\"tab-pane fade\" id=\"gruppebilletter\" role=\"tabpanel\" aria-labelledby=\"pills-2-tab\">\n            <bilberry-product-list-bookable product-catalog-ids=\"4,5,6\" \n                scroll=\"no\"\n                num-xs=\"1\"\n                num-sm=\"2\"\n                num-md=\"3\"\n                num-lg=\"3\"\n            ><\/bilberry-product-list-bookable>\n        <\/div>\n\n        <div class=\"tab-pane fade\" id=\"sesongkort\" role=\"tabpanel\" aria-labelledby=\"pills-3-tab\">\n            <bilberry-value-card-product-item-cards\n                scroll=\"no\"\n                num-xs=\"1\"\n                num-sm=\"3\"\n                num-md=\"3\"\n                num-lg=\"4\"\n                value-card-product-ids=\"63,62,60,61\" \n                value-card-product-urls=\"https:\/\/hoytlavt.no\/lillestrom\/produkt\/sesongkort\/, https:\/\/hoytlavt.no\/lillestrom\/produkt\/sesongkort\/, https:\/\/hoytlavt.no\/lillestrom\/produkt\/nasjonalt-sesongkort\/, https:\/\/hoytlavt.no\/lillestrom\/produkt\/sesongkort\/\"\n                value-card-product-image-urls=\"https:\/\/stream3.imageshop.no\/imageWithFallbacKAndMagikAndS3.aspx?d=1&#038;t=638503200000000000&#038;c=image%2fjpeg&#038;base=415&#038;h=6AF2BA0F938D0A9291A9306AE3C65A86&#038;x=0&#038;y=0&#038;real=&#038;img=17792371-7cba-4618-86ad-56957b0a8f30-wm.jpg,https:\/\/stream3.imageshop.no\/imageWithFallbacKAndMagikAndS3.aspx?d=1&#038;t=638503200000000000&#038;c=image%2fjpeg&#038;base=415&#038;h=D13B10A8FCCBC6C93F545A5B5B4ACF99&#038;x=0&#038;y=0&#038;real=&#038;img=12578d8d-b529-4533-8732-7e0823013097-wm.jpg, https:\/\/stream3.imageshop.no\/imageWithFallbacKAndMagikAndS3.aspx?d=1&#038;t=638503200000000000&#038;c=image%2fjpeg&#038;base=415&#038;h=6AF2BA0F938D0A9291A9306AE3C65A86&#038;x=0&#038;y=0&#038;real=&#038;img=17792371-7cba-4618-86ad-56957b0a8f30-wm.jpg, https:\/\/stream3.imageshop.no\/imageWithFallbacKAndMagikAndS3.aspx?d=1&#038;t=638503200000000000&#038;c=image%2fjpeg&#038;base=415&#038;h=6AF2BA0F938D0A9291A9306AE3C65A86&#038;x=0&#038;y=0&#038;real=&#038;img=17792371-7cba-4618-86ad-56957b0a8f30-wm.jpg\"\n\"https:\/\/hoytlavt.no\/lillestrom\/wp-content\/uploads\/sites\/8\/sites\/8\/Bildemateriell\/Familier\/20160630-hoytoglavt-0808.jpg\"\n            ><\/bilberry-value-card-product-item-cards>\n        <\/div>\n\n        <div class=\"tab-pane fade\" id=\"gavekort\" role=\"tabpanel\" aria-labelledby=\"pills-4-tab\">\n            <bilberry-product-list product-collection-id=\"4\" \n                scroll=\"no\"\n                num-xs=\"1\"\n                num-sm=\"1\"\n                num-md=\"1\"\n                num-lg=\"1\"\n            ><\/bilberry-product-list>\n        <\/div>\n    <\/div>\n<\/div>\n\n<style>\n.nav-item a {\n    border: solid 1px #B6C42D;\n    margin-right: 5px;\n    padding: 0.5rem 1rem; \n    color: #333;\n}\n<\/style>\n","protected":false},"excerpt":{"rendered":"<p>Tickets Group tickets Seasonpass Giftcard<\/p>\n","protected":false},"author":1,"featured_media":392,"parent":0,"menu_order":0,"comment_status":"closed","ping_status":"closed","template":"page-bilberry-products.php","meta":{"_acf_changed":false,"inline_featured_image":false,"footnotes":""},"class_list":["post-757","page","type-page","status-publish","has-post-thumbnail","hentry"],"acf":[],"yoast_head":"<!-- This site is optimized with the Yoast SEO Premium plugin v26.8 (Yoast SEO v26.9) - https:\/\/yoast.com\/product\/yoast-seo-premium-wordpress\/ -->\n<title>Welcome to some fun! - H\u00f8yt &amp; Lavt Climbing Parks<\/title>\n<meta name=\"description\" content=\"Scandinavia&#039;s second largest climbing park with 41 ziplines in the trees - Welcome to H\u00f8yt &amp; Lavt Lillestr\u00f8m climbing Park.\" \/>\n<meta name=\"robots\" content=\"index, follow, max-snippet:-1, max-image-preview:large, max-video-preview:-1\" \/>\n<link rel=\"canonical\" href=\"https:\/\/hoytlavt.no\/lillestrom\/en\/\" \/>\n<meta property=\"og:locale\" content=\"nb_NO\" \/>\n<meta property=\"og:type\" content=\"article\" \/>\n<meta property=\"og:title\" content=\"Welcome to some fun! - H\u00f8yt &amp; Lavt Climbing Parks\" \/>\n<meta property=\"og:description\" content=\"Scandinavia&#039;s second largest climbing park with 224 devices in the trees - Welcome to H\u00f8yt &amp; Lavt Climbing Parks\" \/>\n<meta property=\"og:url\" content=\"https:\/\/hoytlavt.no\/lillestrom\/en\/\" \/>\n<meta property=\"og:site_name\" content=\"H\u00f8yt &amp; Lavt Lillestr\u00f8m\" \/>\n<meta property=\"article:modified_time\" content=\"2025-04-02T07:16:12+00:00\" \/>\n<meta property=\"og:image\" content=\"https:\/\/hoytlavt.no\/lillestrom\/wp-content\/uploads\/sites\/8\/sites\/8\/srm-klatrepark-02.jpg\" \/>\n\t<meta property=\"og:image:width\" content=\"800\" \/>\n\t<meta property=\"og:image:height\" content=\"500\" \/>\n\t<meta property=\"og:image:type\" content=\"image\/jpeg\" \/>\n<meta name=\"twitter:card\" content=\"summary_large_image\" \/>\n<meta name=\"twitter:title\" content=\"Buy tickets, season passes and giftcards\" \/>\n<meta name=\"twitter:label1\" content=\"Ansl. lesetid\" \/>\n\t<meta name=\"twitter:data1\" content=\"1 minutt\" \/>\n<script type=\"application\/ld+json\" class=\"yoast-schema-graph\">{\"@context\":\"https:\/\/schema.org\",\"@graph\":[{\"@type\":\"WebPage\",\"@id\":\"https:\/\/hoytlavt.no\/lillestrom\/en\/\",\"url\":\"https:\/\/hoytlavt.no\/lillestrom\/en\/\",\"name\":\"Welcome to some fun! - H\u00f8yt & Lavt Climbing Parks\",\"isPartOf\":{\"@id\":\"https:\/\/hoytlavt.no\/lillestrom\/#website\"},\"primaryImageOfPage\":{\"@id\":\"https:\/\/hoytlavt.no\/lillestrom\/en\/#primaryimage\"},\"image\":{\"@id\":\"https:\/\/hoytlavt.no\/lillestrom\/en\/#primaryimage\"},\"thumbnailUrl\":\"https:\/\/hoytlavt.no\/lillestrom\/wp-content\/uploads\/sites\/8\/sites\/8\/Bildemateriell\/Familier\/klatrepark3.jpg\",\"datePublished\":\"2020-06-26T18:36:31+00:00\",\"dateModified\":\"2025-04-02T07:16:12+00:00\",\"description\":\"Scandinavia's second largest climbing park with 41 ziplines in the trees - Welcome to H\u00f8yt & Lavt Lillestr\u00f8m climbing Park.\",\"breadcrumb\":{\"@id\":\"https:\/\/hoytlavt.no\/lillestrom\/en\/#breadcrumb\"},\"inLanguage\":\"nb-NO\",\"potentialAction\":[{\"@type\":\"ReadAction\",\"target\":[\"https:\/\/hoytlavt.no\/lillestrom\/en\/\"]}]},{\"@type\":\"ImageObject\",\"inLanguage\":\"nb-NO\",\"@id\":\"https:\/\/hoytlavt.no\/lillestrom\/en\/#primaryimage\",\"url\":\"https:\/\/hoytlavt.no\/lillestrom\/wp-content\/uploads\/sites\/8\/sites\/8\/Bildemateriell\/Familier\/klatrepark3.jpg\",\"contentUrl\":\"https:\/\/hoytlavt.no\/lillestrom\/wp-content\/uploads\/sites\/8\/sites\/8\/Bildemateriell\/Familier\/klatrepark3.jpg\",\"width\":1200,\"height\":800},{\"@type\":\"BreadcrumbList\",\"@id\":\"https:\/\/hoytlavt.no\/lillestrom\/en\/#breadcrumb\",\"itemListElement\":[{\"@type\":\"ListItem\",\"position\":1,\"name\":\"Hjem\",\"item\":\"https:\/\/hoytlavt.no\/lillestrom\/\"},{\"@type\":\"ListItem\",\"position\":2,\"name\":\"Buy tickets, season passes and giftcards\"}]},{\"@type\":\"WebSite\",\"@id\":\"https:\/\/hoytlavt.no\/lillestrom\/#website\",\"url\":\"https:\/\/hoytlavt.no\/lillestrom\/\",\"name\":\"H\u00f8yt & Lavt Lillestr\u00f8m\",\"description\":\"H\u00f8yt &amp; Lavt Klatreparker\",\"publisher\":{\"@id\":\"https:\/\/hoytlavt.no\/lillestrom\/#organization\"},\"potentialAction\":[{\"@type\":\"SearchAction\",\"target\":{\"@type\":\"EntryPoint\",\"urlTemplate\":\"https:\/\/hoytlavt.no\/lillestrom\/?s={search_term_string}\"},\"query-input\":{\"@type\":\"PropertyValueSpecification\",\"valueRequired\":true,\"valueName\":\"search_term_string\"}}],\"inLanguage\":\"nb-NO\"},{\"@type\":\"Organization\",\"@id\":\"https:\/\/hoytlavt.no\/lillestrom\/#organization\",\"name\":\"H\u00f8yt & Lavt Lillestr\u00f8m\",\"url\":\"https:\/\/hoytlavt.no\/lillestrom\/\",\"logo\":{\"@type\":\"ImageObject\",\"inLanguage\":\"nb-NO\",\"@id\":\"https:\/\/hoytlavt.no\/lillestrom\/#\/schema\/logo\/image\/\",\"url\":\"https:\/\/hoytlavt.no\/lillestrom\/wp-content\/uploads\/sites\/8\/sites\/8\/image-4.svg\",\"contentUrl\":\"https:\/\/hoytlavt.no\/lillestrom\/wp-content\/uploads\/sites\/8\/sites\/8\/image-4.svg\",\"caption\":\"H\u00f8yt & Lavt Lillestr\u00f8m\"},\"image\":{\"@id\":\"https:\/\/hoytlavt.no\/lillestrom\/#\/schema\/logo\/image\/\"}}]}<\/script>\n<!-- \/ Yoast SEO Premium plugin. -->","yoast_head_json":{"title":"Welcome to some fun! - H\u00f8yt & Lavt Climbing Parks","description":"Scandinavia's second largest climbing park with 41 ziplines in the trees - Welcome to H\u00f8yt & Lavt Lillestr\u00f8m climbing Park.","robots":{"index":"index","follow":"follow","max-snippet":"max-snippet:-1","max-image-preview":"max-image-preview:large","max-video-preview":"max-video-preview:-1"},"canonical":"https:\/\/hoytlavt.no\/lillestrom\/en\/","og_locale":"nb_NO","og_type":"article","og_title":"Welcome to some fun! - H\u00f8yt & Lavt Climbing Parks","og_description":"Scandinavia's second largest climbing park with 224 devices in the trees - Welcome to H\u00f8yt & Lavt Climbing Parks","og_url":"https:\/\/hoytlavt.no\/lillestrom\/en\/","og_site_name":"H\u00f8yt & Lavt Lillestr\u00f8m","article_modified_time":"2025-04-02T07:16:12+00:00","og_image":[{"width":800,"height":500,"url":"https:\/\/hoytlavt.no\/lillestrom\/wp-content\/uploads\/sites\/8\/sites\/8\/srm-klatrepark-02.jpg","type":"image\/jpeg"}],"twitter_card":"summary_large_image","twitter_title":"Buy tickets, season passes and giftcards","twitter_misc":{"Ansl. lesetid":"1 minutt"},"schema":{"@context":"https:\/\/schema.org","@graph":[{"@type":"WebPage","@id":"https:\/\/hoytlavt.no\/lillestrom\/en\/","url":"https:\/\/hoytlavt.no\/lillestrom\/en\/","name":"Welcome to some fun! - H\u00f8yt & Lavt Climbing Parks","isPartOf":{"@id":"https:\/\/hoytlavt.no\/lillestrom\/#website"},"primaryImageOfPage":{"@id":"https:\/\/hoytlavt.no\/lillestrom\/en\/#primaryimage"},"image":{"@id":"https:\/\/hoytlavt.no\/lillestrom\/en\/#primaryimage"},"thumbnailUrl":"https:\/\/hoytlavt.no\/lillestrom\/wp-content\/uploads\/sites\/8\/sites\/8\/Bildemateriell\/Familier\/klatrepark3.jpg","datePublished":"2020-06-26T18:36:31+00:00","dateModified":"2025-04-02T07:16:12+00:00","description":"Scandinavia's second largest climbing park with 41 ziplines in the trees - Welcome to H\u00f8yt & Lavt Lillestr\u00f8m climbing Park.","breadcrumb":{"@id":"https:\/\/hoytlavt.no\/lillestrom\/en\/#breadcrumb"},"inLanguage":"nb-NO","potentialAction":[{"@type":"ReadAction","target":["https:\/\/hoytlavt.no\/lillestrom\/en\/"]}]},{"@type":"ImageObject","inLanguage":"nb-NO","@id":"https:\/\/hoytlavt.no\/lillestrom\/en\/#primaryimage","url":"https:\/\/hoytlavt.no\/lillestrom\/wp-content\/uploads\/sites\/8\/sites\/8\/Bildemateriell\/Familier\/klatrepark3.jpg","contentUrl":"https:\/\/hoytlavt.no\/lillestrom\/wp-content\/uploads\/sites\/8\/sites\/8\/Bildemateriell\/Familier\/klatrepark3.jpg","width":1200,"height":800},{"@type":"BreadcrumbList","@id":"https:\/\/hoytlavt.no\/lillestrom\/en\/#breadcrumb","itemListElement":[{"@type":"ListItem","position":1,"name":"Hjem","item":"https:\/\/hoytlavt.no\/lillestrom\/"},{"@type":"ListItem","position":2,"name":"Buy tickets, season passes and giftcards"}]},{"@type":"WebSite","@id":"https:\/\/hoytlavt.no\/lillestrom\/#website","url":"https:\/\/hoytlavt.no\/lillestrom\/","name":"H\u00f8yt & Lavt Lillestr\u00f8m","description":"H\u00f8yt &amp; Lavt Klatreparker","publisher":{"@id":"https:\/\/hoytlavt.no\/lillestrom\/#organization"},"potentialAction":[{"@type":"SearchAction","target":{"@type":"EntryPoint","urlTemplate":"https:\/\/hoytlavt.no\/lillestrom\/?s={search_term_string}"},"query-input":{"@type":"PropertyValueSpecification","valueRequired":true,"valueName":"search_term_string"}}],"inLanguage":"nb-NO"},{"@type":"Organization","@id":"https:\/\/hoytlavt.no\/lillestrom\/#organization","name":"H\u00f8yt & Lavt Lillestr\u00f8m","url":"https:\/\/hoytlavt.no\/lillestrom\/","logo":{"@type":"ImageObject","inLanguage":"nb-NO","@id":"https:\/\/hoytlavt.no\/lillestrom\/#\/schema\/logo\/image\/","url":"https:\/\/hoytlavt.no\/lillestrom\/wp-content\/uploads\/sites\/8\/sites\/8\/image-4.svg","contentUrl":"https:\/\/hoytlavt.no\/lillestrom\/wp-content\/uploads\/sites\/8\/sites\/8\/image-4.svg","caption":"H\u00f8yt & Lavt Lillestr\u00f8m"},"image":{"@id":"https:\/\/hoytlavt.no\/lillestrom\/#\/schema\/logo\/image\/"}}]}},"_links":{"self":[{"href":"https:\/\/hoytlavt.no\/lillestrom\/wp-json\/wp\/v2\/pages\/757","targetHints":{"allow":["GET"]}}],"collection":[{"href":"https:\/\/hoytlavt.no\/lillestrom\/wp-json\/wp\/v2\/pages"}],"about":[{"href":"https:\/\/hoytlavt.no\/lillestrom\/wp-json\/wp\/v2\/types\/page"}],"author":[{"embeddable":true,"href":"https:\/\/hoytlavt.no\/lillestrom\/wp-json\/wp\/v2\/users\/1"}],"replies":[{"embeddable":true,"href":"https:\/\/hoytlavt.no\/lillestrom\/wp-json\/wp\/v2\/comments?post=757"}],"version-history":[{"count":19,"href":"https:\/\/hoytlavt.no\/lillestrom\/wp-json\/wp\/v2\/pages\/757\/revisions"}],"predecessor-version":[{"id":2842,"href":"https:\/\/hoytlavt.no\/lillestrom\/wp-json\/wp\/v2\/pages\/757\/revisions\/2842"}],"wp:featuredmedia":[{"embeddable":true,"href":"https:\/\/hoytlavt.no\/lillestrom\/wp-json\/wp\/v2\/media\/392"}],"wp:attachment":[{"href":"https:\/\/hoytlavt.no\/lillestrom\/wp-json\/wp\/v2\/media?parent=757"}],"curies":[{"name":"wp","href":"https:\/\/api.w.org\/{rel}","templated":true}]}}