{"id":230,"date":"2021-05-31T16:19:39","date_gmt":"2021-05-31T14:19:39","guid":{"rendered":"https:\/\/hoytlavt.no\/krokstrand\/?page_id=230"},"modified":"2024-07-03T19:27:58","modified_gmt":"2024-07-03T17:27:58","slug":"info","status":"publish","type":"page","link":"https:\/\/hoytlavt.no\/krokstrand\/info\/","title":{"rendered":"Praktisk info"},"content":{"rendered":"\n<p>Her finner du praktisk informasjon som er greit \u00e5 f\u00e5 med seg i forkant av bes\u00f8ket hos oss.<\/p>\n","protected":false},"excerpt":{"rendered":"<p>Her finner du praktisk informasjon som er greit \u00e5 f\u00e5 med seg i forkant av [&hellip;]<\/p>\n","protected":false},"author":1,"featured_media":0,"parent":0,"menu_order":0,"comment_status":"closed","ping_status":"closed","template":"page-information.php","meta":{"_acf_changed":false,"inline_featured_image":false,"footnotes":""},"class_list":["post-230","page","type-page","status-publish","hentry"],"acf":[],"yoast_head":"<!-- This site is optimized with the Yoast SEO Premium plugin v26.8 (Yoast SEO v26.9) - https:\/\/yoast.com\/product\/yoast-seo-premium-wordpress\/ -->\n<title>Praktisk info - H\u00f8yt &amp; Lavt Krokstrand<\/title>\n<meta name=\"robots\" content=\"index, follow, max-snippet:-1, max-image-preview:large, max-video-preview:-1\" \/>\n<link rel=\"canonical\" href=\"https:\/\/hoytlavt.no\/krokstrand\/info\/\" \/>\n<meta property=\"og:locale\" content=\"nb_NO\" \/>\n<meta property=\"og:type\" content=\"article\" \/>\n<meta property=\"og:title\" content=\"Praktisk info\" \/>\n<meta property=\"og:description\" content=\"Her finner du praktisk informasjon som er greit \u00e5 f\u00e5 med seg i forkant av [&hellip;]\" \/>\n<meta property=\"og:url\" content=\"https:\/\/hoytlavt.no\/krokstrand\/info\/\" \/>\n<meta property=\"og:site_name\" content=\"H\u00f8yt &amp; Lavt Krokstrand\" \/>\n<meta property=\"article:modified_time\" content=\"2024-07-03T17:27:58+00:00\" \/>\n<meta name=\"twitter:card\" content=\"summary_large_image\" \/>\n<meta name=\"twitter:label1\" content=\"Ansl. lesetid\" \/>\n\t<meta name=\"twitter:data1\" content=\"5 minutter\" \/>\n<script type=\"application\/ld+json\" class=\"yoast-schema-graph\">{\"@context\":\"https:\/\/schema.org\",\"@graph\":[{\"@type\":\"WebPage\",\"@id\":\"https:\/\/hoytlavt.no\/krokstrand\/info\/\",\"url\":\"https:\/\/hoytlavt.no\/krokstrand\/info\/\",\"name\":\"Praktisk info - H\u00f8yt & Lavt Krokstrand\",\"isPartOf\":{\"@id\":\"https:\/\/hoytlavt.no\/krokstrand\/#website\"},\"datePublished\":\"2021-05-31T14:19:39+00:00\",\"dateModified\":\"2024-07-03T17:27:58+00:00\",\"breadcrumb\":{\"@id\":\"https:\/\/hoytlavt.no\/krokstrand\/info\/#breadcrumb\"},\"inLanguage\":\"nb-NO\",\"potentialAction\":[{\"@type\":\"ReadAction\",\"target\":[\"https:\/\/hoytlavt.no\/krokstrand\/info\/\"]}]},{\"@type\":\"BreadcrumbList\",\"@id\":\"https:\/\/hoytlavt.no\/krokstrand\/info\/#breadcrumb\",\"itemListElement\":[{\"@type\":\"ListItem\",\"position\":1,\"name\":\"Hjem\",\"item\":\"https:\/\/hoytlavt.no\/krokstrand\/en\/\"},{\"@type\":\"ListItem\",\"position\":2,\"name\":\"Praktisk info\"}]},{\"@type\":\"WebSite\",\"@id\":\"https:\/\/hoytlavt.no\/krokstrand\/#website\",\"url\":\"https:\/\/hoytlavt.no\/krokstrand\/\",\"name\":\"H\u00f8yt & Lavt Krokstrand\",\"description\":\"Klatring for alle\",\"publisher\":{\"@id\":\"https:\/\/hoytlavt.no\/krokstrand\/#organization\"},\"potentialAction\":[{\"@type\":\"SearchAction\",\"target\":{\"@type\":\"EntryPoint\",\"urlTemplate\":\"https:\/\/hoytlavt.no\/krokstrand\/?s={search_term_string}\"},\"query-input\":{\"@type\":\"PropertyValueSpecification\",\"valueRequired\":true,\"valueName\":\"search_term_string\"}}],\"inLanguage\":\"nb-NO\"},{\"@type\":\"Organization\",\"@id\":\"https:\/\/hoytlavt.no\/krokstrand\/#organization\",\"name\":\"H\u00f8yt & Lavt Krokstrand\",\"url\":\"https:\/\/hoytlavt.no\/krokstrand\/\",\"logo\":{\"@type\":\"ImageObject\",\"inLanguage\":\"nb-NO\",\"@id\":\"https:\/\/hoytlavt.no\/krokstrand\/#\/schema\/logo\/image\/\",\"url\":\"https:\/\/hoytlavt.no\/krokstrand\/wp-content\/uploads\/sites\/21\/HL-Logo-Krokstrand-RGB-NEG.png\",\"contentUrl\":\"https:\/\/hoytlavt.no\/krokstrand\/wp-content\/uploads\/sites\/21\/HL-Logo-Krokstrand-RGB-NEG.png\",\"width\":1440,\"height\":480,\"caption\":\"H\u00f8yt & Lavt Krokstrand\"},\"image\":{\"@id\":\"https:\/\/hoytlavt.no\/krokstrand\/#\/schema\/logo\/image\/\"}}]}<\/script>\n<!-- \/ Yoast SEO Premium plugin. -->","yoast_head_json":{"title":"Praktisk info - H\u00f8yt & Lavt Krokstrand","robots":{"index":"index","follow":"follow","max-snippet":"max-snippet:-1","max-image-preview":"max-image-preview:large","max-video-preview":"max-video-preview:-1"},"canonical":"https:\/\/hoytlavt.no\/krokstrand\/info\/","og_locale":"nb_NO","og_type":"article","og_title":"Praktisk info","og_description":"Her finner du praktisk informasjon som er greit \u00e5 f\u00e5 med seg i forkant av [&hellip;]","og_url":"https:\/\/hoytlavt.no\/krokstrand\/info\/","og_site_name":"H\u00f8yt & Lavt Krokstrand","article_modified_time":"2024-07-03T17:27:58+00:00","twitter_card":"summary_large_image","twitter_misc":{"Ansl. lesetid":"5 minutter"},"schema":{"@context":"https:\/\/schema.org","@graph":[{"@type":"WebPage","@id":"https:\/\/hoytlavt.no\/krokstrand\/info\/","url":"https:\/\/hoytlavt.no\/krokstrand\/info\/","name":"Praktisk info - H\u00f8yt & Lavt Krokstrand","isPartOf":{"@id":"https:\/\/hoytlavt.no\/krokstrand\/#website"},"datePublished":"2021-05-31T14:19:39+00:00","dateModified":"2024-07-03T17:27:58+00:00","breadcrumb":{"@id":"https:\/\/hoytlavt.no\/krokstrand\/info\/#breadcrumb"},"inLanguage":"nb-NO","potentialAction":[{"@type":"ReadAction","target":["https:\/\/hoytlavt.no\/krokstrand\/info\/"]}]},{"@type":"BreadcrumbList","@id":"https:\/\/hoytlavt.no\/krokstrand\/info\/#breadcrumb","itemListElement":[{"@type":"ListItem","position":1,"name":"Hjem","item":"https:\/\/hoytlavt.no\/krokstrand\/en\/"},{"@type":"ListItem","position":2,"name":"Praktisk info"}]},{"@type":"WebSite","@id":"https:\/\/hoytlavt.no\/krokstrand\/#website","url":"https:\/\/hoytlavt.no\/krokstrand\/","name":"H\u00f8yt & Lavt Krokstrand","description":"Klatring for alle","publisher":{"@id":"https:\/\/hoytlavt.no\/krokstrand\/#organization"},"potentialAction":[{"@type":"SearchAction","target":{"@type":"EntryPoint","urlTemplate":"https:\/\/hoytlavt.no\/krokstrand\/?s={search_term_string}"},"query-input":{"@type":"PropertyValueSpecification","valueRequired":true,"valueName":"search_term_string"}}],"inLanguage":"nb-NO"},{"@type":"Organization","@id":"https:\/\/hoytlavt.no\/krokstrand\/#organization","name":"H\u00f8yt & Lavt Krokstrand","url":"https:\/\/hoytlavt.no\/krokstrand\/","logo":{"@type":"ImageObject","inLanguage":"nb-NO","@id":"https:\/\/hoytlavt.no\/krokstrand\/#\/schema\/logo\/image\/","url":"https:\/\/hoytlavt.no\/krokstrand\/wp-content\/uploads\/sites\/21\/HL-Logo-Krokstrand-RGB-NEG.png","contentUrl":"https:\/\/hoytlavt.no\/krokstrand\/wp-content\/uploads\/sites\/21\/HL-Logo-Krokstrand-RGB-NEG.png","width":1440,"height":480,"caption":"H\u00f8yt & Lavt Krokstrand"},"image":{"@id":"https:\/\/hoytlavt.no\/krokstrand\/#\/schema\/logo\/image\/"}}]}},"_links":{"self":[{"href":"https:\/\/hoytlavt.no\/krokstrand\/wp-json\/wp\/v2\/pages\/230","targetHints":{"allow":["GET"]}}],"collection":[{"href":"https:\/\/hoytlavt.no\/krokstrand\/wp-json\/wp\/v2\/pages"}],"about":[{"href":"https:\/\/hoytlavt.no\/krokstrand\/wp-json\/wp\/v2\/types\/page"}],"author":[{"embeddable":true,"href":"https:\/\/hoytlavt.no\/krokstrand\/wp-json\/wp\/v2\/users\/1"}],"replies":[{"embeddable":true,"href":"https:\/\/hoytlavt.no\/krokstrand\/wp-json\/wp\/v2\/comments?post=230"}],"version-history":[{"count":33,"href":"https:\/\/hoytlavt.no\/krokstrand\/wp-json\/wp\/v2\/pages\/230\/revisions"}],"predecessor-version":[{"id":1094,"href":"https:\/\/hoytlavt.no\/krokstrand\/wp-json\/wp\/v2\/pages\/230\/revisions\/1094"}],"wp:attachment":[{"href":"https:\/\/hoytlavt.no\/krokstrand\/wp-json\/wp\/v2\/media?parent=230"}],"curies":[{"name":"wp","href":"https:\/\/api.w.org\/{rel}","templated":true}]}}