{"id":747,"date":"2024-06-19T09:37:57","date_gmt":"2024-06-19T07:37:57","guid":{"rendered":"https:\/\/hoytlavt.no\/geilo\/?page_id=747"},"modified":"2025-03-05T09:00:30","modified_gmt":"2025-03-05T08:00:30","slug":"open-every-saturday-in-june","status":"publish","type":"page","link":"https:\/\/hoytlavt.no\/geilo\/en\/","title":{"rendered":"Soon climbing season"},"content":{"rendered":"","protected":false},"excerpt":{"rendered":"","protected":false},"author":25,"featured_media":0,"parent":0,"menu_order":0,"comment_status":"closed","ping_status":"open","template":"page-home.php","meta":{"_acf_changed":false,"inline_featured_image":false,"footnotes":""},"class_list":["post-747","page","type-page","status-publish","hentry"],"acf":[],"yoast_head":"<!-- This site is optimized with the Yoast SEO Premium plugin v26.8 (Yoast SEO v27.4) - https:\/\/yoast.com\/product\/yoast-seo-premium-wordpress\/ -->\n<title>H\u00f8yt &amp; Lavt Geilo Summer Park<\/title>\n<meta name=\"description\" content=\"The adventure park consist of 6 different courses, 73 elements og 10 ziplines! You can find exciting challenges for adults and children both. Welcome to an active day under the treetops!\" \/>\n<meta name=\"robots\" content=\"index, follow, max-snippet:-1, max-image-preview:large, max-video-preview:-1\" \/>\n<link rel=\"canonical\" href=\"https:\/\/hoytlavt.no\/geilo\/en\/\" \/>\n<meta property=\"og:locale\" content=\"nb_NO\" \/>\n<meta property=\"og:type\" content=\"article\" \/>\n<meta property=\"og:title\" content=\"H\u00f8yt &amp; Lavt Geilo Sommerpark\" \/>\n<meta property=\"og:description\" content=\"I 6 forskjellige klatrel\u00f8yper kan du bli med p\u00e5 unike naturopplevelser i tretoppene. Kj\u00f8r zipline, oppdag tretoppene og ha det g\u00f8y sammen med de du er glad i.\" \/>\n<meta property=\"og:url\" content=\"https:\/\/hoytlavt.no\/geilo\/en\/\" \/>\n<meta property=\"og:site_name\" content=\"H\u00f8yt &amp; Lavt Geilo\" \/>\n<meta property=\"article:modified_time\" content=\"2025-03-05T08:00:30+00:00\" \/>\n<meta property=\"og:image\" content=\"http:\/\/hoytlavt.no\/geilo\/wp-content\/uploads\/sites\/24\/2022\/05\/Familie-i-parken002-1.jpg\" \/>\n<meta name=\"twitter:card\" content=\"summary_large_image\" \/>\n<meta name=\"twitter:title\" content=\"Soon climbing season\" \/>\n<meta name=\"twitter:label1\" content=\"Ansl. lesetid\" \/>\n\t<meta name=\"twitter:data1\" content=\"4 minutter\" \/>\n<script type=\"application\/ld+json\" class=\"yoast-schema-graph\">{\"@context\":\"https:\\\/\\\/schema.org\",\"@graph\":[{\"@type\":\"WebPage\",\"@id\":\"https:\\\/\\\/hoytlavt.no\\\/geilo\\\/en\\\/\",\"url\":\"https:\\\/\\\/hoytlavt.no\\\/geilo\\\/en\\\/\",\"name\":\"H\u00f8yt & Lavt Geilo Summer Park\",\"isPartOf\":{\"@id\":\"https:\\\/\\\/hoytlavt.no\\\/geilo\\\/#website\"},\"datePublished\":\"2024-06-19T07:37:57+00:00\",\"dateModified\":\"2025-03-05T08:00:30+00:00\",\"description\":\"The adventure park consist of 6 different courses, 73 elements og 10 ziplines! You can find exciting challenges for adults and children both. Welcome to an active day under the treetops!\",\"breadcrumb\":{\"@id\":\"https:\\\/\\\/hoytlavt.no\\\/geilo\\\/en\\\/#breadcrumb\"},\"inLanguage\":\"nb-NO\",\"potentialAction\":[{\"@type\":\"ReadAction\",\"target\":[\"https:\\\/\\\/hoytlavt.no\\\/geilo\\\/en\\\/\"]}]},{\"@type\":\"BreadcrumbList\",\"@id\":\"https:\\\/\\\/hoytlavt.no\\\/geilo\\\/en\\\/#breadcrumb\",\"itemListElement\":[{\"@type\":\"ListItem\",\"position\":1,\"name\":\"Hjem\",\"item\":\"https:\\\/\\\/hoytlavt.no\\\/geilo\\\/\"},{\"@type\":\"ListItem\",\"position\":2,\"name\":\"Soon climbing season\"}]},{\"@type\":\"WebSite\",\"@id\":\"https:\\\/\\\/hoytlavt.no\\\/geilo\\\/#website\",\"url\":\"https:\\\/\\\/hoytlavt.no\\\/geilo\\\/\",\"name\":\"H\u00f8yt &amp; Lavt Geilo\",\"description\":\"Klatring for alle\",\"publisher\":{\"@id\":\"https:\\\/\\\/hoytlavt.no\\\/geilo\\\/#organization\"},\"potentialAction\":[{\"@type\":\"SearchAction\",\"target\":{\"@type\":\"EntryPoint\",\"urlTemplate\":\"https:\\\/\\\/hoytlavt.no\\\/geilo\\\/?s={search_term_string}\"},\"query-input\":{\"@type\":\"PropertyValueSpecification\",\"valueRequired\":true,\"valueName\":\"search_term_string\"}}],\"inLanguage\":\"nb-NO\"},{\"@type\":\"Organization\",\"@id\":\"https:\\\/\\\/hoytlavt.no\\\/geilo\\\/#organization\",\"name\":\"H\u00f8yt &amp; Lavt Geilo\",\"url\":\"https:\\\/\\\/hoytlavt.no\\\/geilo\\\/\",\"logo\":{\"@type\":\"ImageObject\",\"inLanguage\":\"nb-NO\",\"@id\":\"https:\\\/\\\/hoytlavt.no\\\/geilo\\\/#\\\/schema\\\/logo\\\/image\\\/\",\"url\":\"https:\\\/\\\/hoytlavt.no\\\/geilo\\\/wp-content\\\/uploads\\\/sites\\\/24\\\/2022\\\/05\\\/HL-Logo-Geilo-RGB-NEG-1.svg\",\"contentUrl\":\"https:\\\/\\\/hoytlavt.no\\\/geilo\\\/wp-content\\\/uploads\\\/sites\\\/24\\\/2022\\\/05\\\/HL-Logo-Geilo-RGB-NEG-1.svg\",\"caption\":\"H\u00f8yt &amp; Lavt Geilo\"},\"image\":{\"@id\":\"https:\\\/\\\/hoytlavt.no\\\/geilo\\\/#\\\/schema\\\/logo\\\/image\\\/\"}}]}<\/script>\n<!-- \/ Yoast SEO Premium plugin. -->","yoast_head_json":{"title":"H\u00f8yt & Lavt Geilo Summer Park","description":"The adventure park consist of 6 different courses, 73 elements og 10 ziplines! You can find exciting challenges for adults and children both. Welcome to an active day under the treetops!","robots":{"index":"index","follow":"follow","max-snippet":"max-snippet:-1","max-image-preview":"max-image-preview:large","max-video-preview":"max-video-preview:-1"},"canonical":"https:\/\/hoytlavt.no\/geilo\/en\/","og_locale":"nb_NO","og_type":"article","og_title":"H\u00f8yt & Lavt Geilo Sommerpark","og_description":"I 6 forskjellige klatrel\u00f8yper kan du bli med p\u00e5 unike naturopplevelser i tretoppene. Kj\u00f8r zipline, oppdag tretoppene og ha det g\u00f8y sammen med de du er glad i.","og_url":"https:\/\/hoytlavt.no\/geilo\/en\/","og_site_name":"H\u00f8yt &amp; Lavt Geilo","article_modified_time":"2025-03-05T08:00:30+00:00","og_image":[{"url":"http:\/\/hoytlavt.no\/geilo\/wp-content\/uploads\/sites\/24\/2022\/05\/Familie-i-parken002-1.jpg","type":"","width":"","height":""}],"twitter_card":"summary_large_image","twitter_title":"Soon climbing season","twitter_misc":{"Ansl. lesetid":"4 minutter"},"schema":{"@context":"https:\/\/schema.org","@graph":[{"@type":"WebPage","@id":"https:\/\/hoytlavt.no\/geilo\/en\/","url":"https:\/\/hoytlavt.no\/geilo\/en\/","name":"H\u00f8yt & Lavt Geilo Summer Park","isPartOf":{"@id":"https:\/\/hoytlavt.no\/geilo\/#website"},"datePublished":"2024-06-19T07:37:57+00:00","dateModified":"2025-03-05T08:00:30+00:00","description":"The adventure park consist of 6 different courses, 73 elements og 10 ziplines! You can find exciting challenges for adults and children both. Welcome to an active day under the treetops!","breadcrumb":{"@id":"https:\/\/hoytlavt.no\/geilo\/en\/#breadcrumb"},"inLanguage":"nb-NO","potentialAction":[{"@type":"ReadAction","target":["https:\/\/hoytlavt.no\/geilo\/en\/"]}]},{"@type":"BreadcrumbList","@id":"https:\/\/hoytlavt.no\/geilo\/en\/#breadcrumb","itemListElement":[{"@type":"ListItem","position":1,"name":"Hjem","item":"https:\/\/hoytlavt.no\/geilo\/"},{"@type":"ListItem","position":2,"name":"Soon climbing season"}]},{"@type":"WebSite","@id":"https:\/\/hoytlavt.no\/geilo\/#website","url":"https:\/\/hoytlavt.no\/geilo\/","name":"H\u00f8yt &amp; Lavt Geilo","description":"Klatring for alle","publisher":{"@id":"https:\/\/hoytlavt.no\/geilo\/#organization"},"potentialAction":[{"@type":"SearchAction","target":{"@type":"EntryPoint","urlTemplate":"https:\/\/hoytlavt.no\/geilo\/?s={search_term_string}"},"query-input":{"@type":"PropertyValueSpecification","valueRequired":true,"valueName":"search_term_string"}}],"inLanguage":"nb-NO"},{"@type":"Organization","@id":"https:\/\/hoytlavt.no\/geilo\/#organization","name":"H\u00f8yt &amp; Lavt Geilo","url":"https:\/\/hoytlavt.no\/geilo\/","logo":{"@type":"ImageObject","inLanguage":"nb-NO","@id":"https:\/\/hoytlavt.no\/geilo\/#\/schema\/logo\/image\/","url":"https:\/\/hoytlavt.no\/geilo\/wp-content\/uploads\/sites\/24\/2022\/05\/HL-Logo-Geilo-RGB-NEG-1.svg","contentUrl":"https:\/\/hoytlavt.no\/geilo\/wp-content\/uploads\/sites\/24\/2022\/05\/HL-Logo-Geilo-RGB-NEG-1.svg","caption":"H\u00f8yt &amp; Lavt Geilo"},"image":{"@id":"https:\/\/hoytlavt.no\/geilo\/#\/schema\/logo\/image\/"}}]}},"_links":{"self":[{"href":"https:\/\/hoytlavt.no\/geilo\/wp-json\/wp\/v2\/pages\/747","targetHints":{"allow":["GET"]}}],"collection":[{"href":"https:\/\/hoytlavt.no\/geilo\/wp-json\/wp\/v2\/pages"}],"about":[{"href":"https:\/\/hoytlavt.no\/geilo\/wp-json\/wp\/v2\/types\/page"}],"author":[{"embeddable":true,"href":"https:\/\/hoytlavt.no\/geilo\/wp-json\/wp\/v2\/users\/25"}],"replies":[{"embeddable":true,"href":"https:\/\/hoytlavt.no\/geilo\/wp-json\/wp\/v2\/comments?post=747"}],"version-history":[{"count":9,"href":"https:\/\/hoytlavt.no\/geilo\/wp-json\/wp\/v2\/pages\/747\/revisions"}],"predecessor-version":[{"id":816,"href":"https:\/\/hoytlavt.no\/geilo\/wp-json\/wp\/v2\/pages\/747\/revisions\/816"}],"wp:attachment":[{"href":"https:\/\/hoytlavt.no\/geilo\/wp-json\/wp\/v2\/media?parent=747"}],"curies":[{"name":"wp","href":"https:\/\/api.w.org\/{rel}","templated":true}]}}